68.
2, 3, 191
List the prime factors of 80516.
2, 20129
List the prime factors of 30020.
2, 5, 19, 79
List the prime factors of 16144.
2, 1009
List the prime factors of 91521.
3, 10169
List the prime factors of 1175.
5, 47
What are the prime factors of 11776?
2, 23
List the prime factors of 10485.
3, 5, 233
List the prime factors of 61214.
2, 127, 241
List the prime factors of 679.
7, 97
List the prime factors of 69162.
2, 3, 11527
List the prime factors of 518.
2, 7, 37
List the prime factors of 7400.
2, 5, 37
List the prime factors of 289.
17
What are the prime factors of 16832?
2, 263
What are the prime factors of 62542?
2, 31271
What are the prime factors of 5045?
5, 1009
What are the prime factors of 2710?
2, 5, 271
What are the prime factors of 3607?
3607
List the prime factors of 1664.
2, 13
What are the prime factors of 3569?
43, 83
List the prime factors of 12281.
12281
What are the prime factors of 57275?
5, 29, 79
What are the prime factors of 17007?
3, 5669
What are the prime factors of 27917?
27917
What are the prime factors of 309?
3, 103
List the prime factors of 358.
2, 179
What are the prime factors of 191?
191
List the prime factors of 555.
3, 5, 37
What are the prime factors of 18971?
61, 311
What are the prime factors of 1799?
7, 257
What are the prime factors of 5853?
3, 1951
List the prime factors of 41378.
2, 17, 1217
What are the prime factors of 26212?
2, 6553
List the prime factors of 8278.
2, 4139
List the prime factors of 75027.
3, 89, 281
List the prime factors of 1050.
2, 3, 5, 7
List the prime factors of 19604.
2, 13, 29
What are the prime factors of 1346?
2, 673
What are the prime factors of 10349?
79, 131
List the prime factors of 31665.
3, 5, 2111
List the prime factors of 3205.
5, 641
List the prime factors of 497.
7, 71
What are the prime factors of 4104?
2, 3, 19
List the prime factors of 1677.
3, 13, 43
What are the prime factors of 15206?
2, 7603
List the prime factors of 2176.
2, 17
List the prime factors of 1808.
2, 113
What are the prime factors of 7515?
3, 5, 167
What are the prime factors of 6501?
3, 11, 197
List the prime factors of 12665.
5, 17, 149
List the prime factors of 2132.
2, 13, 41
What are the prime factors of 10320?
2, 3, 5, 43
What are the prime factors of 4581?
3, 509
What are the prime factors of 726?
2, 3, 11
List the prime factors of 2001.
3, 23, 29
List the prime factors of 11911.
43, 277
List the prime factors of 258.
2, 3, 43
List the prime factors of 10189.
23, 443
List the prime factors of 953.
953
What are the prime factors of 2218?
2, 1109
What are the prime factors of 4202?
2, 11, 191
What are the prime factors of 16925?
5, 677
What are the prime factors of 1193?
1193
List the prime factors of 2741.
2741
What are the prime factors of 48513?
3, 103, 157
List the prime factors of 1522.
2, 761
What are the prime factors of 2087?
2087
List the prime factors of 9533.
9533
What are the prime factors of 8345?
5, 1669
What are the prime factors of 43145?
5, 8629
List the prime factors of 5191.
29, 179
List the prime factors of 1295.
5, 7, 37
List the prime factors of 48026.
2, 11, 37, 59
What are the prime factors of 4344?
2, 3, 181
What are the prime factors of 32317?
17, 1901
List the prime factors of 50753.
50753
What are the prime factors of 38377?
38377
What are the prime factors of 2264?
2, 283
List the prime factors of 497.
7, 71
What are the prime factors of 13496?
2, 7, 241
List the prime factors of 23917.
23917
What are the prime factors of 3691?
3691
List the prime factors of 47150.
2, 5, 23, 41
What are the prime factors of 199?
199
List the prime factors of 612.
2, 3, 17
List the prime factors of 3847.
3847
List the prime factors of 152029.
152029
What are the prime factors of 30233?
7, 617
List the prime factors of 342.
2, 3, 19
What are the prime factors of 20456?
2, 2557
List the prime factors of 1599.
3, 13, 41
List the prime factors of 19499.
17, 31, 37
What are the prime factors of 10652?
2, 2663
What are the prime factors of 1750?
2, 5, 7
List the prime factors of 97352.
2, 43, 283
What are the prime factors of 5602?
2, 2801
List the prime factors of 4757.
67, 71
What are the prime factors of 3164?
2, 7, 113
What are the prime factors of 5370?
2, 3, 5, 179
List the prime factors of 64699.
23, 29, 97
List the prime factors of 2314.
2, 13, 89
List the prime factors of 12304.
2, 769
List the prime factors of 4405.
5, 881
What are the prime factors of 1867?
1867
List the prime factors of 11055.
3, 5, 11, 67
What are the prime factors of 1213?
1213
List the prime factors of 1307.
1307
What are the prime factors of 2217?
3, 739
What are the prime factors of 2706?
2, 3, 11, 41
List the prime factors of 1455.
3, 5, 97
What are the prime factors of 1577?
19, 83
What are the prime factors of 23631?
3, 7877
What are the prime factors of 508?
2, 127
What are the prime factors of 12511?
12511
List the prime factors of 1735.
5, 347
What are the prime factors of 270?
2, 3, 5
What are the prime factors of 363?
3, 11
List the prime factors of 16116.
2, 3, 17, 79
List the prime factors of 3202.
2, 1601
List the prime factors of 73285.
5, 14657
List the prime factors of 21078.
2, 3, 1171
What are the prime factors of 18549?
3, 229
List the prime factors of 371.
7, 53
List the prime factors of 10014.
2, 3, 1669
What are the prime factors of 10469?
19, 29
List the prime factors of 7385.
5, 7, 211
What are the prime factors of 74120?
2, 5, 17, 109
What are the prime factors of 10?
2, 5
What are the prime factors of 56598?
2, 3, 9433
List the prime factors of 12078.
2, 3, 11, 61
What are the prime factors of 42590?
2, 5, 4259
List the prime factors of 170.
2, 5, 17
What are the prime factors of 1385?
5, 277
List the prime factors of 13054.
2, 61, 107
What are the prime factors of 1031?
1031
What are the prime factors of 6418?
2, 3209
List the prime factors of 3864.
2, 3, 7, 23
List the prime factors of 10704.
2, 3, 223
What are the prime factors of 52721?
52721
List the prime factors of 59.
59
List the prime factors of 652.
2, 163
List the prime factors of 3679.
13, 283
List the prime factors of 39864.
2, 3, 11, 151
List the prime factors of 1093.
1093
List the prime factors of 91.
7, 13
What are the prime factors of 31816?
2, 41, 97
List the prime factors of 14302.
2, 7151
List the prime factors of 5045.
5, 1009
List the prime factors of 70.
2, 5, 7
What are the prime factors of 3517?
3517
List the prime factors of 7960.
2, 5, 199
List the prime factors of 16277.
41, 397
What are the prime factors of 9734?
2, 31, 157
What are the prime factors of 79364?
2, 19841
List the prime factors of 95784.
2, 3, 13, 307
List the prime factors of 31728.
2, 3, 661
What are the prime factors of 13823?
23, 601
What are the prime factors of 2273?
2273
List the prime factors of 2309.
2309
What are the prime factors of 1903?
11, 173
What are the prime factors of 5328?
2, 3, 37
What are the prime factors of 145196?
2, 36299
List the prime factors of 67194.
2, 3, 3733
List the prime factors of 10457.
10457
List the prime factors of 3542.
2, 7, 11, 23
List the prime factors of 6423.
3, 2141
List the prime factors of 5497.
23, 239
What are the prime factors of 10364?
2, 2591
What are the prime factors of 1869?
3, 7, 89
What are the prime factors of 141690?
2, 3, 5, 4723
List the prime factors of 4126.
2, 2063
What are the prime factors of 469?
7, 67
List the prime factors of 1471.
1471
List the prime factors of 627.
3, 11, 19
List the prime factors of 2206.
2, 1103
List the prime factors of 7714.
2, 7, 19, 29
List the prime factors of 21224.
2, 7, 379
List the prime factors of 18440.
2, 5, 461
List the prime factors of 2340.
2, 3, 5, 13
List the prime factors of 20546.
2, 10273
List the prime factors of 30903.
3, 10301
What are the prime factors of 20740?
2, 5, 17, 61
List the prime factors of 8940.
2, 3, 5, 149
List the prime factors of 8609.
8609
What are the prime factors of 31994?
2, 17, 941
List the prime factors of 14037.
3, 4679
List the prime factors of 1069.
1069
What are the prime factors of 2783?
11, 23
List the prime factors of 802.
2, 401
List the prime factors of 2465.
5, 17, 29
List the prime factors of 17748.
2, 3, 17, 29
List the prime factors of 113144.
2, 14143
List the prime factors